{"id":3,"date":"2019-01-11T21:04:41","date_gmt":"2019-01-11T19:04:41","guid":{"rendered":"http:\/\/www.feedback-rh.com\/?page_id=3"},"modified":"2019-02-12T18:00:57","modified_gmt":"2019-02-12T16:00:57","slug":"politica-privacitat","status":"publish","type":"page","link":"https:\/\/www.evajuncosa.com\/ca\/politica-privacitat\/","title":{"rendered":"Pol\u00edtica de privacitat"},"content":{"rendered":"\n<p><strong>FEEDBACK Desarrollo Empresarial S.L.&nbsp;<\/strong>es compromet a complir la seva obligaci\u00f3 de mantenir en secret les dades de car\u00e0cter personal i el seu deure de tractar-les amb confidencialitat i, a aquests efectes, ha adoptat les mesures necess\u00e0ries per evitar-ne l&#8217;alteraci\u00f3, la p\u00e8rdua, el tractament o l&#8217;acc\u00e8s no autoritzat, tenint en compte en tot moment l&#8217;estat de la tecnologia de conformitat amb el que preveu la legislaci\u00f3 en mat\u00e8ria de protecci\u00f3 de dades de car\u00e0cter personal que sigui aplicable a l\u2019Estat espanyol en cada moment.<\/p>\n\n\n\n<p><strong>FEEDBACK Desarrollo Empresarial S.L.&nbsp;<\/strong>es compromet a garantir el dret a l\u2019oblit, el dret a la portabilitat i el dret a la limitaci\u00f3 del tractament de les dades personals facilitades pels seus clients, siguin empreses o particulars.<\/p>\n\n\n\n<p><strong>FEEDBACK Desarrollo Empresarial S.L.<\/strong>&nbsp;es compromet a:<\/p>\n\n\n\n<ul class=\"wp-block-list\"><li>A dissenyar la protecci\u00f3 de dades des de l\u2019inici de cada projecte.Nomenar un responsable de la protecci\u00f3 de dades.<\/li><li>Demanar el consentiment inequ\u00edvoc de l\u2019usuari amb una acci\u00f3 positiva, excloent el consentiment t\u00e0cit.<\/li><li>Avaluar cada any la protecci\u00f3 de dades per cada un dels serveis oferts i per les activitats de l\u2019empresa, i per a cada suport de conservaci\u00f3 de les dades personals.<\/li><li>Documentar les activitats del tractament.<\/li><li>Avisar a la persona afectada de la vulneraci\u00f3 del secret de les dades personals o del seu tractament inadequats i oferir -li solucions de reparaci\u00f3 adequades a la situaci\u00f3 en concret de la forma m\u00e9s r\u00e0pida possible.<\/li><\/ul>\n\n\n\n<p><strong>Per a qu\u00e8 utilitzem les vostres dades?<\/strong><\/p>\n\n\n\n<p>Per a poder-vos enviar informaci\u00f3 relativa als nostres serveis i el nostre Butllet\u00ed Electr\u00f2nic si ho heu sol\u00b7licitat expressament.<\/p>\n\n\n\n<p>L&#8217;Usuari accepta que les dades personals facilitades s\u2019usin amb la finalitat de:<\/p>\n\n\n\n<ul class=\"wp-block-list\"><li>Comunicar-vos novetats del sector dels recursos humans que us afectin.<\/li><li>Comunicar nous serveis oferts per\u00a0<strong>FEEDBACK Desarrollo Empresarial S.L.<\/strong>\u00a0relacionats amb el servei contractat.<\/li><\/ul>\n\n\n\n<p>Tractarem les seves dades personals de forma confidencial per tal de gestionar la seva relaci\u00f3 amb l&#8217;entitat&nbsp;<strong>FEEDBACK Desarrollo Empresarial S.L.<\/strong>. En cap cas cedirem les seves dades personals a tercers sense el seu consentiment previ.<\/p>\n\n\n\n<p>El per\u00edode de conservaci\u00f3 de les dades ser\u00e0 el necessari per dur a terme la gesti\u00f3 de la seva relaci\u00f3 amb l&#8217;entitat, i en tot cas, quan finalitzi la relaci\u00f3 per un m\u00e0xim&nbsp;de&nbsp;<del><\/del>deu anys.<\/p>\n\n\n\n<p>Estrictament per a la gesti\u00f3 de les seves dades personals,&nbsp;<strong>FEEDBACK Desarrollo Empresarial S.L.&nbsp;<\/strong>podr\u00e0 emprar programari que les pot guardar en els EUA. Aquesta transfer\u00e8ncia est\u00e0 emparada en l&#8217;Escut de Privacitat EU &#8211; EUA.<\/p>\n\n\n\n<p>En qualsevol moment podr\u00e0 exercir els seus drets d&#8217;acc\u00e9s, rectificaci\u00f3, cancel\u00b7laci\u00f3 i oposici\u00f3, aix\u00ed com, si \u00e9s el cas, el dret de portabilitat i limitaci\u00f3 del tractament, recollits en el RGPD (UE) 216\/679, per correu electr\u00f2nic a&nbsp;<a href=\"mailto:info@feedback-rh.com\">info@feedback-rh.com<\/a><\/p>\n\n\n\n<p><strong>INFOMACI\u00d3 B\u00c0SICA DE PROTECCI\u00d3 DE DADES<\/strong><\/p>\n\n\n\n<table class=\"wp-block-table\"><tbody><tr><td>Responsable<\/td><td><strong>FEEDBACK Desarrollo Empresarial S.L.<\/strong><\/td><\/tr><tr><td>Finalitat\/Finalidad<\/td><td>Comunicar noves activitats i novetats del sector dels recursos humans\/Comunicar nuevas actividades y novedades del sector de recursos humanos<\/td><\/tr><tr><td>Legitimaci\u00f3\/Legitimaci\u00f3n<\/td><td>Consentiment de la persona usu\u00e0ria\/ Consentimiento de la persona usuaria<\/td><\/tr><tr><td>Destinataris\/Destinatarios<\/td><td>No es podran comunicar a cap altra entitat\/No se pueden comunicar a ninguna otra entidad<\/td><\/tr><tr><td>Drets\/Derechos<\/td><td>Accedir, rectificar, suprimir i oposar-se, aix\u00ed com altres drets que es detallen en la&nbsp;pol\u00edtica de privacitat&nbsp;\/ Acceder, rectificar, suprimir, y oponerse, as\u00ed como los dem\u00e1s derechos que se detallan en la&nbsp;pol\u00edtica de privacidad<\/td><\/tr><tr><td>Informaci\u00f3 Addicional\/ Informaci\u00f3n Adicional<\/td><td>Pots consultar informaci\u00f3 addicional sobre el tractament de les dades personals a la secci\u00f3 de&nbsp;pol\u00edtica de privacitat\/ Puedes consultar informaci\u00f3n adicional sobre el tratamiento de los datos personales en la secci\u00f3n de&nbsp;pol\u00edtica de privacidad.<\/td><\/tr><\/tbody><\/table>\n","protected":false},"excerpt":{"rendered":"<p>FEEDBACK Desarrollo Empresarial S.L.&nbsp;es compromet a complir la seva obligaci\u00f3 de mantenir en secret les dades de car\u00e0cter personal i el seu deure de tractar-les amb confidencialitat i, a aquests efectes, ha adoptat les mesures necess\u00e0ries per evitar-ne l&#8217;alteraci\u00f3, la p\u00e8rdua, el tractament o l&#8217;acc\u00e8s no autoritzat, tenint en compte en tot moment l&#8217;estat de [&hellip;]<\/p>\n","protected":false},"author":1,"featured_media":0,"parent":0,"menu_order":0,"comment_status":"closed","ping_status":"closed","template":"","meta":{"footnotes":""},"class_list":["post-3","page","type-page","status-publish","hentry"],"_links":{"self":[{"href":"https:\/\/www.evajuncosa.com\/ca\/wp-json\/wp\/v2\/pages\/3","targetHints":{"allow":["GET"]}}],"collection":[{"href":"https:\/\/www.evajuncosa.com\/ca\/wp-json\/wp\/v2\/pages"}],"about":[{"href":"https:\/\/www.evajuncosa.com\/ca\/wp-json\/wp\/v2\/types\/page"}],"author":[{"embeddable":true,"href":"https:\/\/www.evajuncosa.com\/ca\/wp-json\/wp\/v2\/users\/1"}],"replies":[{"embeddable":true,"href":"https:\/\/www.evajuncosa.com\/ca\/wp-json\/wp\/v2\/comments?post=3"}],"version-history":[{"count":2,"href":"https:\/\/www.evajuncosa.com\/ca\/wp-json\/wp\/v2\/pages\/3\/revisions"}],"predecessor-version":[{"id":214,"href":"https:\/\/www.evajuncosa.com\/ca\/wp-json\/wp\/v2\/pages\/3\/revisions\/214"}],"wp:attachment":[{"href":"https:\/\/www.evajuncosa.com\/ca\/wp-json\/wp\/v2\/media?parent=3"}],"curies":[{"name":"wp","href":"https:\/\/api.w.org\/{rel}","templated":true}]}}

Política de privacitat

<p><strong>FEEDBACK Desarrollo Empresarial S.L.&nbsp;</strong>es compromet a complir la seva obligació de mantenir en secret les dades de caràcter personal i el seu deure de tractar-les amb confidencialitat i, a aquests efectes, ha adoptat les mesures necessàries per evitar-ne l&#8217;alteració, la pèrdua, el tractament o l&#8217;accès no autoritzat, tenint en compte en tot moment l&#8217;estat de la tecnologia de conformitat amb el que preveu la legislació en matèria de protecció de dades de caràcter personal que sigui aplicable a l’Estat espanyol en cada moment.</p>



<p><strong>FEEDBACK Desarrollo Empresarial S.L.&nbsp;</strong>es compromet a garantir el dret a l’oblit, el dret a la portabilitat i el dret a la limitació del tractament de les dades personals facilitades pels seus clients, siguin empreses o particulars.</p>



<p><strong>FEEDBACK Desarrollo Empresarial S.L.</strong>&nbsp;es compromet a:</p>



<ul class="wp-block-list"><li>A dissenyar la protecció de dades des de l’inici de cada projecte.Nomenar un responsable de la protecció de dades.</li><li>Demanar el consentiment inequívoc de l’usuari amb una acció positiva, excloent el consentiment tàcit.</li><li>Avaluar cada any la protecció de dades per cada un dels serveis oferts i per les activitats de l’empresa, i per a cada suport de conservació de les dades personals.</li><li>Documentar les activitats del tractament.</li><li>Avisar a la persona afectada de la vulneració del secret de les dades personals o del seu tractament inadequats i oferir -li solucions de reparació adequades a la situació en concret de la forma més ràpida possible.</li></ul>



<p><strong>Per a què utilitzem les vostres dades?</strong></p>



<p>Per a poder-vos enviar informació relativa als nostres serveis i el nostre Butlletí Electrònic si ho heu sol·licitat expressament.</p>



<p>L&#8217;Usuari accepta que les dades personals facilitades s’usin amb la finalitat de:</p>



<ul class="wp-block-list"><li>Comunicar-vos novetats del sector dels recursos humans que us afectin.</li><li>Comunicar nous serveis oferts per <strong>FEEDBACK Desarrollo Empresarial S.L.</strong> relacionats amb el servei contractat.</li></ul>



<p>Tractarem les seves dades personals de forma confidencial per tal de gestionar la seva relació amb l&#8217;entitat&nbsp;<strong>FEEDBACK Desarrollo Empresarial S.L.</strong>. En cap cas cedirem les seves dades personals a tercers sense el seu consentiment previ.</p>



<p>El període de conservació de les dades serà el necessari per dur a terme la gestió de la seva relació amb l&#8217;entitat, i en tot cas, quan finalitzi la relació per un màxim&nbsp;de&nbsp;<del></del>deu anys.</p>



<p>Estrictament per a la gestió de les seves dades personals,&nbsp;<strong>FEEDBACK Desarrollo Empresarial S.L.&nbsp;</strong>podrà emprar programari que les pot guardar en els EUA. Aquesta transferència està emparada en l&#8217;Escut de Privacitat EU &#8211; EUA.</p>



<p>En qualsevol moment podrà exercir els seus drets d&#8217;accés, rectificació, cancel·lació i oposició, així com, si és el cas, el dret de portabilitat i limitació del tractament, recollits en el RGPD (UE) 216/679, per correu electrònic a&nbsp;<a href="mailto:info@feedback-rh.com">info@feedback-rh.com</a></p>



<p><strong>INFOMACIÓ BÀSICA DE PROTECCIÓ DE DADES</strong></p>



<table class="wp-block-table"><tbody><tr><td>Responsable</td><td><strong>FEEDBACK Desarrollo Empresarial S.L.</strong></td></tr><tr><td>Finalitat/Finalidad</td><td>Comunicar noves activitats i novetats del sector dels recursos humans/Comunicar nuevas actividades y novedades del sector de recursos humanos</td></tr><tr><td>Legitimació/Legitimación</td><td>Consentiment de la persona usuària/ Consentimiento de la persona usuaria</td></tr><tr><td>Destinataris/Destinatarios</td><td>No es podran comunicar a cap altra entitat/No se pueden comunicar a ninguna otra entidad</td></tr><tr><td>Drets/Derechos</td><td>Accedir, rectificar, suprimir i oposar-se, així com altres drets que es detallen en la&nbsp;política de privacitat&nbsp;/ Acceder, rectificar, suprimir, y oponerse, así como los demás derechos que se detallan en la&nbsp;política de privacidad</td></tr><tr><td>Informació Addicional/ Información Adicional</td><td>Pots consultar informació addicional sobre el tractament de les dades personals a la secció de&nbsp;política de privacitat/ Puedes consultar información adicional sobre el tratamiento de los datos personales en la sección de&nbsp;política de privacidad.</td></tr></tbody></table>

<p>FEEDBACK Desarrollo Empresarial S.L.&nbsp;es compromet a complir la seva obligació de mantenir en secret les dades de caràcter personal i el seu deure de tractar-les amb confidencialitat i, a aquests efectes, ha adoptat les mesures necessàries per evitar-ne l&#8217;alteració, la pèrdua, el tractament o l&#8217;accès no autoritzat, tenint en compte en tot moment l&#8217;estat de [&hellip;]</p>
