{"id":186,"date":"2019-02-12T18:04:24","date_gmt":"2019-02-12T16:04:24","guid":{"rendered":"http:\/\/www.feedback-rh.com\/?page_id=186"},"modified":"2019-02-12T18:04:45","modified_gmt":"2019-02-12T16:04:45","slug":"proyectos-educativos","status":"publish","type":"page","link":"https:\/\/www.evajuncosa.com\/es\/proyectos\/proyectos-educativos\/","title":{"rendered":"Proyectos educativos"},"content":{"rendered":"\n<h3 class=\"wp-block-heading\">SECTOR EDUCATIVO<\/h3>\n\n\n\n<p><strong>Algunos de nuestros proyectos de desarrollo en el campo educativo son:<\/strong><\/p>\n\n\n\n<p><span class=\"number\">01<\/span>\u00a0<strong>J\u00f3venes<\/strong><br>Taller d\u2019entrenament de compet\u00e8ncies socials dirigit a alumnes de 1er. de Batxillerat (Escola concertada).<br>Taller d\u2019orientaci\u00f3 vocacional dirigit a alumnes de 1er. de Batxillerat (Escola concertada).<br>Seminari de t\u00e8cniques de presentacions en p\u00fablic dirigit a alumnes del grau d\u2019Administraci\u00f3 i Direcci\u00f3 d\u2019Empreses (escola de negocis).<br><\/p>\n\n\n\n<p><span class=\"number\">02<\/span>\u00a0<strong>Profesorado y Directores del Centro<\/strong><br>Trabajo en equipo dirigido al equipo directivo (Escuela para discapacidades).<br>Cursos de liderazgo dirigido a directoras de Escoles Bressol (Fundaci\u00f3n).<br>Curso sobre c\u00f3mo mejorar la relaci\u00f3n en el equipo de Educadoras (Escuela concertada).<br>Como llevar\u00a0 a cabo un cambio identitario de Escoles Bressol dirigido a Jefa de escuelas, coordinadoras, directoras y educadoras de las escuelas (Fundaci\u00f3n).<br>Taller sobre Recursos per potenciar las relaciones con nuestros equipos dirigido a directivos y mandos intermedios (Instituto p\u00fablico de ciclos formativos).<br>Entrevistas \u00fatiles y provechosas con los alumnos (Instituto p\u00fablico de ciclos formativos).<\/p>\n\n\n\n<p><span class=\"number\">03<\/span>\u00a0<strong>Padres<\/strong><\/p>\n\n\n\n<p>Programa FEAC\u00a0 2.002-2.012<\/p>\n\n\n\n<p>Organizaci\u00f3n, gesti\u00f3n y animaci\u00f3n de sesiones trimestrales con maestros y padres con la finalidad de fomentar el di\u00e1logo, la participaci\u00f3n y crear reflexi\u00f3n sobre la educaci\u00f3n de los hijos y\/o alumnos.\u00a0<br>Gesti\u00f3n de la escuela de padres: gaudir educant (llar d\u2019infants).<br>Talleres dirigidos a padres d\u2019Escoles Bressol (escuelas concertadas): \u00bfComo fomentar una autoestima positiva en nuestros hijos?<br>Conferenciante de la CCAPAC (Confederaci\u00f3 Cristiana d\u2019Associacions de pares i mares d\u2019alumnes de Catalunya): \u00bfComo desarrollar la mejor versi\u00f3n de nuestros hijos?<\/p>\n","protected":false},"excerpt":{"rendered":"<p>SECTOR EDUCATIVO Algunos de nuestros proyectos de desarrollo en el campo educativo son: 01\u00a0J\u00f3venesTaller d\u2019entrenament de compet\u00e8ncies socials dirigit a alumnes de 1er. de Batxillerat (Escola concertada).Taller d\u2019orientaci\u00f3 vocacional dirigit a alumnes de 1er. de Batxillerat (Escola concertada).Seminari de t\u00e8cniques de presentacions en p\u00fablic dirigit a alumnes del grau d\u2019Administraci\u00f3 i Direcci\u00f3 d\u2019Empreses (escola de [&hellip;]<\/p>\n","protected":false},"author":1,"featured_media":218,"parent":185,"menu_order":0,"comment_status":"closed","ping_status":"closed","template":"","meta":{"footnotes":""},"class_list":["post-186","page","type-page","status-publish","has-post-thumbnail","hentry"],"_links":{"self":[{"href":"https:\/\/www.evajuncosa.com\/es\/wp-json\/wp\/v2\/pages\/186","targetHints":{"allow":["GET"]}}],"collection":[{"href":"https:\/\/www.evajuncosa.com\/es\/wp-json\/wp\/v2\/pages"}],"about":[{"href":"https:\/\/www.evajuncosa.com\/es\/wp-json\/wp\/v2\/types\/page"}],"author":[{"embeddable":true,"href":"https:\/\/www.evajuncosa.com\/es\/wp-json\/wp\/v2\/users\/1"}],"replies":[{"embeddable":true,"href":"https:\/\/www.evajuncosa.com\/es\/wp-json\/wp\/v2\/comments?post=186"}],"version-history":[{"count":1,"href":"https:\/\/www.evajuncosa.com\/es\/wp-json\/wp\/v2\/pages\/186\/revisions"}],"predecessor-version":[{"id":217,"href":"https:\/\/www.evajuncosa.com\/es\/wp-json\/wp\/v2\/pages\/186\/revisions\/217"}],"up":[{"embeddable":true,"href":"https:\/\/www.evajuncosa.com\/es\/wp-json\/wp\/v2\/pages\/185"}],"wp:featuredmedia":[{"embeddable":true,"href":"https:\/\/www.evajuncosa.com\/es\/wp-json\/wp\/v2\/media\/218"}],"wp:attachment":[{"href":"https:\/\/www.evajuncosa.com\/es\/wp-json\/wp\/v2\/media?parent=186"}],"curies":[{"name":"wp","href":"https:\/\/api.w.org\/{rel}","templated":true}]}}

<h3 class="wp-block-heading">SECTOR EDUCATIVO</h3>



<p><strong>Algunos de nuestros proyectos de desarrollo en el campo educativo son:</strong></p>



<p><span class="number">01</span> <strong>Jóvenes</strong><br>Taller d’entrenament de competències socials dirigit a alumnes de 1er. de Batxillerat (Escola concertada).<br>Taller d’orientació vocacional dirigit a alumnes de 1er. de Batxillerat (Escola concertada).<br>Seminari de tècniques de presentacions en públic dirigit a alumnes del grau d’Administració i Direcció d’Empreses (escola de negocis).<br></p>



<p><span class="number">02</span> <strong>Profesorado y Directores del Centro</strong><br>Trabajo en equipo dirigido al equipo directivo (Escuela para discapacidades).<br>Cursos de liderazgo dirigido a directoras de Escoles Bressol (Fundación).<br>Curso sobre cómo mejorar la relación en el equipo de Educadoras (Escuela concertada).<br>Como llevar  a cabo un cambio identitario de Escoles Bressol dirigido a Jefa de escuelas, coordinadoras, directoras y educadoras de las escuelas (Fundación).<br>Taller sobre Recursos per potenciar las relaciones con nuestros equipos dirigido a directivos y mandos intermedios (Instituto público de ciclos formativos).<br>Entrevistas útiles y provechosas con los alumnos (Instituto público de ciclos formativos).</p>



<p><span class="number">03</span> <strong>Padres</strong></p>



<p>Programa FEAC  2.002-2.012</p>



<p>Organización, gestión y animación de sesiones trimestrales con maestros y padres con la finalidad de fomentar el diálogo, la participación y crear reflexión sobre la educación de los hijos y/o alumnos. <br>Gestión de la escuela de padres: gaudir educant (llar d’infants).<br>Talleres dirigidos a padres d’Escoles Bressol (escuelas concertadas): ¿Como fomentar una autoestima positiva en nuestros hijos?<br>Conferenciante de la CCAPAC (Confederació Cristiana d’Associacions de pares i mares d’alumnes de Catalunya): ¿Como desarrollar la mejor versión de nuestros hijos?</p>

<p>SECTOR EDUCATIVO Algunos de nuestros proyectos de desarrollo en el campo educativo son: 01 JóvenesTaller d’entrenament de competències socials dirigit a alumnes de 1er. de Batxillerat (Escola concertada).Taller d’orientació vocacional dirigit a alumnes de 1er. de Batxillerat (Escola concertada).Seminari de tècniques de presentacions en públic dirigit a alumnes del grau d’Administració i Direcció d’Empreses (escola de [&hellip;]</p>
